the remainder when 60568 is divided by 18?
16
What is the remainder when 1499003 is divided by 9?
8
What is the remainder when 14074 is divided by 3516?
10
Calculate the remainder when 43833 is divided by 101.
100
What is the remainder when 1054 is divided by 516?
22
What is the remainder when 7678 is divided by 27?
10
Calculate the remainder when 500 is divided by 14.
10
Calculate the remainder when 20986 is divided by 10476.
34
What is the remainder when 400749 is divided by 46?
43
What is the remainder when 1851 is divided by 226?
43
What is the remainder when 33290 is divided by 43?
8
Calculate the remainder when 6658 is divided by 6.
4
Calculate the remainder when 33967 is divided by 55.
32
What is the remainder when 11488 is divided by 1790?
748
What is the remainder when 44092 is divided by 30?
22
Calculate the remainder when 84820 is divided by 251.
233
What is the remainder when 4651 is divided by 291?
286
Calculate the remainder when 133405 is divided by 717.
43
What is the remainder when 17720 is divided by 208?
40
What is the remainder when 3332 is divided by 167?
159
Calculate the remainder when 191032 is divided by 191003.
29
Calculate the remainder when 78413 is divided by 2376.
5
What is the remainder when 565 is divided by 176?
37
What is the remainder when 477 is divided by 276?
201
What is the remainder when 1570503 is divided by 21?
18
What is the remainder when 3001 is divided by 976?
73
What is the remainder when 42442 is divided by 18?
16
Calculate the remainder when 2711 is divided by 48.
23
Calculate the remainder when 441 is divided by 200.
41
What is the remainder when 11216 is divided by 187?
183
What is the remainder when 2339799 is divided by 779929?
12
What is the remainder when 68574 is divided by 25?
24
Calculate the remainder when 7711 is divided by 58.
55
Calculate the remainder when 22334 is divided by 149.
133
What is the remainder when 834 is divided by 392?
50
Calculate the remainder when 288884 is divided by 24.
20
What is the remainder when 53833 is divided by 16?
9
Calculate the remainder when 35395 is divided by 133.
17
What is the remainder when 138097 is divided by 1023?
1015
What is the remainder when 211450 is divided by 128?
122
What is the remainder when 3370 is divided by 617?
285
Calculate the remainder when 82949 is divided by 35.
34
What is the remainder when 2085 is divided by 266?
223
What is the remainder when 92056 is divided by 10227?
13
What is the remainder when 1099 is divided by 529?
41
Calculate the remainder when 14621 is divided by 225.
221
What is the remainder when 13854 is divided by 55?
49
Calculate the remainder when 203710 is divided by 101852.
6
What is the remainder when 80119 is divided by 26695?
34
Calculate the remainder when 381755 is divided by 96.
59
Calculate the remainder when 404969 is divided by 50619.
17
What is the remainder when 29350 is divided by 5854?
80
Calculate the remainder when 26563 is divided by 12.
7
Calculate the remainder when 2036 is divided by 366.
206
Calculate the remainder when 2479 is divided by 157.
124
What is the remainder when 95248 is divided by 254?
252
What is the remainder when 248311 is divided by 726?
19
What is the remainder when 9233 is divided by 8276?
957
Calculate the remainder when 3315 is divided by 824.
19
What is the remainder when 1024346 is divided by 26?
24
What is the remainder when 45109 is divided by 11276?
5
Calculate the remainder when 2590 is divided by 2579.
11
Calculate the remainder when 1900 is divided by 324.
280
Calculate the remainder when 790 is divided by 393.
4
What is the remainder when 154445 is divided by 134?
77
Calculate the remainder when 115986 is divided by 38637.
75
What is the remainder when 2420 is divided by 849?
722
What is the remainder when 9395 is divided by 160?
115
Calculate the remainder when 1132 is divided by 21.
19
What is the remainder when 11904 is divided by 48?
0
What is the remainder when 30697 is divided by 23?
15
Calculate the remainder when 106745 is divided by 2014.
3
What is the remainder when 342 is divided by 219?
123
Calculate the remainder when 21739 is divided by 21708.
31
What is the remainder when 212847 is divided by 8?
7
What is the remainder when 140001 is divided by 18?
15
Calculate the remainder when 345239 is divided by 18.
17
Calculate the remainder when 43502 is divided by 77.
74
What is the remainder when 20810 is divided by 10392?
26
What is the remainder when 61251 is divided by 83?
80
What is the remainder when 11865 is divided by 5707?
451
What is the remainder when 18651 is divided by 1543?
135
Calculate the remainder when 732 is divided by 298.
136
What is the remainder when 8067 is divided by 1342?
15
What is the remainder when 27551 is divided by 55?
51
Calculate the remainder when 38686 is divided by 691.
681
Calculate the remainder when 43053 is divided by 14285.
198
Calculate the remainder when 379971 is divided by 126656.
3
What is the remainder when 1427 is divided by 122?
85
What is the remainder when 22322 is divided by 7439?
5
What is the remainder when 9429 is divided by 631?
595
Calculate the remainder when 313548 is divided by 40.
28
Calculate the remainder when 535638 is divided by 107.
103
Calculate the remainder when 700982 is divided by 6.
2
Calculate the remainder when 11493 is divided by 2863.
41
Calculate the remainder when 17263 is divided by 909.
901
Calculate the remainder when 1861848 is divided by 50.
48
What is the remainder when 37288 is divided by 219?
58
What is the remainder when 25582 is divided by 6185?
842
What is the remainder when 2654 is divided by 31?
19
What is the remainder when 2602 is divided by 187?
171
Calculate the remainder when 15204 is divided by 5043.
75
What is the remainder when 5572 is divided by 696?
4
Calculate the remainder when 4860 is divided by 799.
66
Calculate the remainder when 206 is divided by 56.
38
Calculate the remainder when 14217 is divided by 127.
120
What is the remainder when 93098 is divided by 45?
38
What is the remainder when 34069 is divided by 2006?
1973
Calculate the remainder when 4200 is divided by 115.
60
Calculate the remainder when 1218 is divided by 299.
22
What is the remainder when 24960 is divided by 131?
70
What is the remainder when 7230798 is divided by 100?
98
Calculate the remainder when 17008 is divided by 130.
108
Calculate the remainder when 148532 is divided by 72.
68
Calculate the remainder when 4115 is divided by 460.
435
What is the remainder when 378 is divided by 56?
42
Calculate the remainder when 6230 is divided by 58.
24
What is the remainder when 6201 is divided by 517?
514
Calculate the remainder when 635 is divided by 166.
137
Calculate the remainder when 17245 is divided by 196.
193
What is the remainder when 1878 is divided by 12?
6
Calculate the remainder when 65020 is divided by 1355.
1335
What is the remainder when 71080 is divided by 627?
229
Calculate the remainder when 46935 is divided by 11698.
143
Calculate the remainder when 16988 is divided by 2121.
20
Calculate the remainder when 259 is divided by 124.
11
Calculate the remainder when 2784 is divided by 2757.
27
What is the remainder when 1548 is divided by 79?
47
Calculate the remainder when 18855 is divided by 6275.
30
What is the remainder when 85395 is divided by 200?
195
What is the remainder when 1302231 is divided by 41?
30
Calculate the remainder when 14261 is divided by 409.
355
What is the remainder when 41792 is divided by 2201?
2174
What is the remainder when 58108 is divided by 7?
1
What is the remainder when 92823 is divided by 420?
3
Calculate the remainder when 24125 is divided by 271.
6
Calculate the remainder when 148515 is divided by 790.
785
Calculate the remainder when 14489 is divided by 4819.
32
What is the remainder when 27950 is divided by 83?
62
What is the remainder when 4320 is divided by 429?
30
Calculate the remainder when 2516 is divided by 68.
0
Calculate the remainder when 345000 is divided by 1250.
0
What is the remainder when 223348 is divided by 3988?
20
Calculate the remainder when 2456 is divided by 86.
48
Calculate the remainder when 8965 is divided by 828.
685
Calculate the remainder when 280421 is divided by 577.
576
Calculate the remainder